77014?
0
What is the hundred thousands digit of 2415661?
4
What is the ten thousands digit of 95261?
9
What is the ten thousands digit of 6161613?
6
What is the hundreds digit of 128773?
7
What is the hundreds digit of 957491?
4
What is the thousands digit of 335696?
5
What is the thousands digit of 371135?
1
What is the hundreds digit of 177859?
8
What is the thousands digit of 1222878?
2
What is the units digit of 25704?
4
What is the hundreds digit of 8485441?
4
What is the thousands digit of 586095?
6
What is the tens digit of 5384?
8
What is the thousands digit of 12674192?
4
What is the millions digit of 4543243?
4
What is the ten thousands digit of 38128?
3
What is the ten thousands digit of 631541?
3
What is the tens digit of 1503330?
3
What is the millions digit of 8708907?
8
What is the millions digit of 3326620?
3
What is the units digit of 2695846?
6
What is the thousands digit of 712809?
2
What is the millions digit of 13119607?
3
What is the ten thousands digit of 3155528?
5
What is the ten thousands digit of 2821578?
2
What is the units digit of 7577134?
4
What is the millions digit of 5138896?
5
What is the hundred thousands digit of 284343?
2
What is the units digit of 9383355?
5
What is the millions digit of 3015498?
3
What is the hundred thousands digit of 216872?
2
What is the hundreds digit of 6647209?
2
What is the hundreds digit of 6212834?
8
What is the hundreds digit of 113581?
5
What is the thousands digit of 9225573?
5
What is the ten thousands digit of 31635?
3
What is the ten millions digit of 41310310?
4
What is the hundred thousands digit of 250186?
2
What is the tens digit of 916500?
0
What is the hundreds digit of 1039238?
2
What is the tens digit of 491289?
8
What is the tens digit of 22468703?
0
What is the tens digit of 6166004?
0
What is the units digit of 20349949?
9
What is the hundreds digit of 7209246?
2
What is the hundreds digit of 1972380?
3
What is the thousands digit of 168791?
8
What is the thousands digit of 14746276?
6
What is the hundred thousands digit of 20740602?
7
What is the tens digit of 1768618?
1
What is the hundreds digit of 232459?
4
What is the hundred thousands digit of 1565688?
5
What is the units digit of 8424149?
9
What is the thousands digit of 140458?
0
What is the hundred thousands digit of 967042?
9
What is the thousands digit of 1087650?
7
What is the hundred thousands digit of 619054?
6
What is the millions digit of 9105064?
9
What is the units digit of 194879?
9
What is the thousands digit of 299789?
9
What is the hundreds digit of 2189066?
0
What is the units digit of 39083032?
2
What is the ten thousands digit of 95708?
9
What is the hundred thousands digit of 719782?
7
What is the hundred thousands digit of 389694?
3
What is the thousands digit of 278662?
8
What is the tens digit of 2905495?
9
What is the hundred thousands digit of 774162?
7
What is the hundreds digit of 3681146?
1
What is the units digit of 3067604?
4
What is the thousands digit of 126479?
6
What is the hundreds digit of 288643?
6
What is the ten thousands digit of 5384152?
8
What is the hundreds digit of 274113?
1
What is the tens digit of 1763671?
7
What is the hundreds digit of 8614567?
5
What is the thousands digit of 935483?
5
What is the millions digit of 2705677?
2
What is the millions digit of 1826819?
1
What is the units digit of 3572?
2
What is the units digit of 344490?
0
What is the thousands digit of 115817?
5
What is the thousands digit of 2626070?
6
What is the millions digit of 7632846?
7
What is the ten thousands digit of 270612?
7
What is the thousands digit of 330479?
0
What is the tens digit of 661279?
7
What is the units digit of 85037?
7
What is the units digit of 336925?
5
What is the hundred thousands digit of 9075769?
0
What is the ten thousands digit of 3743788?
4
What is the ten millions digit of 13574627?
1
What is the thousands digit of 1289115?
9
What is the ten thousands digit of 514715?
1
What is the ten millions digit of 12825534?
1
What is the hundreds digit of 15142006?
0
What is the units digit of 144304?
4
What is the units digit of 214858?
8
What is the ten thousands digit of 15057352?
5
What is the hundred thousands digit of 5157259?
1
What is the thousands digit of 3846392?
6
What is the units digit of 549458?
8
What is the tens digit of 25011516?
1
What is the hundred thousands digit of 1430769?
4
What is the hundred thousands digit of 312471?
3
What is the units digit of 85504?
4
What is the units digit of 637241?
1
What is the ten thousands digit of 407609?
0
What is the ten thousands digit of 656285?
5
What is the tens digit of 1932679?
7
What is the hundred thousands digit of 312924?
3
What is the units digit of 41711?
1
What is the tens digit of 338986?
8
What is the hundred thousands digit of 12712159?
7
What is the hundred thousands digit of 22628105?
6
What is the units digit of 4893937?
7
What is the millions digit of 1152202?
1
What is the tens digit of 16291?
9
What is the ten thousands digit of 26397?
2
What is the hundred thousands digit of 697036?
6
What is the units digit of 2530299?
9
What is the hundred thousands digit of 5325905?
3
What is the millions digit of 1972452?
1
What is the hundreds digit of 8246263?
2
What is the units digit of 568856?
6
What is the units digit of 41505?
5
What is the hundreds digit of 119562?
5
What is the hundreds digit of 88200?
2
What is the tens digit of 7172282?
8
What is the hundred thousands digit of 660585?
6
What is the ten thousands digit of 1820082?
2
What is the units digit of 243614?
4
What is the tens digit of 547677?
7
What is the ten millions digit of 30466206?
3
What is the hundreds digit of 1151382?
3
What is the hundred thousands digit of 124344?
1
What is the thousands digit of 654304?
4
What is the thousands digit of 2822359?
2
What is the units digit of 1014761?
1
What is the millions digit of 7596976?
7
What is the units digit of 2749171?
1
What is the thousands digit of 1011305?
1
What is the millions digit of 6394756?
6
What is the hundreds digit of 23273073?
0
What is the thousands digit of 1851253?
1
What is the hundreds digit of 5746498?
4
What is the units digit of 584277?
7
What is the ten thousands digit of 65741?
6
What is the hundreds digit of 419128?
1
What is the hundreds digit of 4297726?
7
What is the hundreds digit of 203087?
0
What is the thousands digit of 3290248?
0
What is the tens digit of 313486?
8
What is the ten millions digit of 12803142?
1
What is the ten thousands digit of 356905?
5
What is the thousands digit of 2818026?
8
What is the hundreds digit of 15425388?
3
What is the units digit of 113091?
1
What is the hundred thousands digit of 13897202?
8
What is the units digit of 383171?
1
What is the hundred thousands digit of 2027478?
0
What is the units digit of 1681039?
9
What is the thousands digit of 1076712?
6
What is the hundred thousands digit of 1368944?
3
What is the hundred thousands digit of 406596?
4
What is the thousands digit of 518268?
8
What is the units digit of 91378?
8
What is the units digit of 2617881?
1
What is the hundreds digit of 88314?
3
What is the units digit of 117679?
9
What is the hundred thousands digit of 6936198?
9
What is the millions digit of 4681399?
4
What is the units digit of 184711?
1
What is the tens digit of 1253184?
8
What is the units digit of 2643233?
3
What is the hundreds digit of 10764612?
6
What is the hundreds digit of 386309?
3
What is the units digit of 22571431?
1
What is the hundreds digit of 696119?
1
What is the thousands digit of 463166?
3
What is the tens digit of 794612?
1
What is the tens digit of 989898?
9
What is the ten thousands digit of 236059?
3
What is the ten thousands digit of 6374809?
7
What is the hundreds digit of 560147?
1
What is the units digit of 1962101?
1
What is the units digit of 64945?
5
What is the ten thousands digit of 1041056?
4
What is the hundred thousands digit of 982104?
9
What is the hundred thousands digit of 27829145?
8
What is the hundred thousands digit of 1749980?
7
What is the thousands digit of 11683588?
3
What is the ten millions digit of 16901893?
1
What is the millions digit of 1817118?
1
What is the ten thousands digit of 231783?
3
What is the tens digit of 44945